{"id":72737,"date":"2021-08-18T09:41:32","date_gmt":"2021-08-18T08:41:32","guid":{"rendered":"https:\/\/development.elithairtransplant.com\/german\/?post_type=patienten&#038;p=72737"},"modified":"2026-08-07T12:05:02","modified_gmt":"2026-08-07T10:05:02","slug":"stefan-d","status":"publish","type":"patienten","link":"https:\/\/elithair.com\/tr\/oncesi-sonrasi\/stefan-d\/","title":{"rendered":"Stefan D"},"content":{"rendered":"","protected":false},"excerpt":{"rendered":"","protected":false},"author":2,"featured_media":73272,"comment_status":"open","ping_status":"closed","template":"","meta":{"_acf_changed":false,"_hm_hreflang_map":{"ar":25943,"tr":72737,"x_default":72737},"_hm_language_code":"tr","footnotes":""},"patient_category":[5],"class_list":["post-72737","patienten","type-patienten","status-publish","has-post-thumbnail","hentry","patient_category-uzaklasan-sac-cizgisi"],"acf":{"patient_archive_name":"Stefan D.","patient_name":"Stefan D.","age":"","grafts_number":"3,150 Hair Grafts","technique":"","elit-skala":"","first_name":"","single_grafts":"","multi_grafts":"","punch":"","density":"","behandlungsdauer":"","behandlungsdatum":"","subtitle":"9 months post-op","citation":"\"I've really taken off professionally since my <a href=\"https:\/\/elithair.com\/tr\/sac-ekimi\/\">hair transplant<\/a>.\"","hero_section_images":{"":null,"hero_before_image":73278,"hero_after_image":73277},"video_patient":false,"video_poster":"","single_play_icon":null,"link_or_file_upload":"youtube","video_link":"","youtube_video_id":"","vimeo_video_id":"","slider_images":null,"before_images":[{"before_image":73278},{"before_image":73273}],"after_images":[{"after_image":"","after_image_text":""},{"after_image":73274,"after_image_text":""},{"after_image":73277,"after_image_text":""},{"after_image":73275,"after_image_text":""},{"after_image":73276,"after_image_text":""}],"instagram":{"label":"","link":""},"youtube":{"label":"","link":""},"before_after_button_label":"Get a Free Analysis \u00bb","before_after_button_url":"https:\/\/elithair.com\/tr\/sac-analizi\/","bottom_text":"","enable_social_media_followers":false,"social_media_followers":null},"yoast_head":"<!-- This site is optimized with the Yoast SEO Premium plugin v28.4 (Yoast SEO v28.4) - https:\/\/yoast.com\/product\/yoast-seo-premium-wordpress\/ -->\n<title>Stefan D.: \u00d6ncesi Sonras\u0131 Foto\u011fraflar\u0131 - 3,150 Greft | Elithair<\/title>\n<meta name=\"description\" content=\"Stefan D.\u2019ye ki\u015fiye \u00f6zel planlamayla sa\u00e7 ekimi uygulanarak daha do\u011fal ve yo\u011fun bir sa\u00e7 g\u00f6r\u00fcn\u00fcm\u00fc hedeflenmi\u015ftir. Sa\u00e7 analizi i\u00e7in uzman ekibimizle ileti\u015fime ge\u00e7in.\" \/>\n<meta name=\"robots\" content=\"index, follow, max-snippet:-1, max-image-preview:large, max-video-preview:-1\" \/>\n<link rel=\"canonical\" href=\"https:\/\/elithair.com\/tr\/oncesi-sonrasi\/stefan-d\/\" \/>\n<meta property=\"og:locale\" content=\"tr_TR\" \/>\n<meta property=\"og:type\" content=\"article\" \/>\n<meta property=\"og:title\" content=\"Stefan D\" \/>\n<meta property=\"og:description\" content=\"Stefan D.\u2019ye ki\u015fiye \u00f6zel planlamayla sa\u00e7 ekimi uygulanarak daha do\u011fal ve yo\u011fun bir sa\u00e7 g\u00f6r\u00fcn\u00fcm\u00fc hedeflenmi\u015ftir. Sa\u00e7 analizi i\u00e7in uzman ekibimizle ileti\u015fime ge\u00e7in.\" \/>\n<meta property=\"og:url\" content=\"https:\/\/elithair.com\/tr\/oncesi-sonrasi\/stefan-d\/\" \/>\n<meta property=\"og:site_name\" content=\"Elithair\" \/>\n<meta property=\"article:modified_time\" content=\"2026-08-07T10:05:02+00:00\" \/>\n<meta property=\"og:image\" content=\"https:\/\/elithair.com\/tr\/wp-content\/uploads\/sites\/10\/2021\/08\/Bildschirmfoto-2021-08-26-um-16.48.24-2.jpg\" \/>\n\t<meta property=\"og:image:width\" content=\"600\" \/>\n\t<meta property=\"og:image:height\" content=\"470\" \/>\n\t<meta property=\"og:image:type\" content=\"image\/jpeg\" \/>\n<meta name=\"twitter:card\" content=\"summary_large_image\" \/>\n<meta name=\"twitter:label1\" content=\"Tahmini okuma s\u00fcresi\" \/>\n\t<meta name=\"twitter:data1\" content=\"1 dakika\" \/>\n<script type=\"application\/ld+json\" class=\"yoast-schema-graph\">{\"@context\":\"https:\\\/\\\/schema.org\",\"@graph\":[{\"@type\":\"WebPage\",\"@id\":\"https:\\\/\\\/elithair.com\\\/tr\\\/oncesi-sonrasi\\\/stefan-d\\\/\",\"url\":\"https:\\\/\\\/elithair.com\\\/tr\\\/oncesi-sonrasi\\\/stefan-d\\\/\",\"name\":\"Stefan D.: \u00d6ncesi Sonras\u0131 Foto\u011fraflar\u0131 - 3,150 Greft | Elithair\",\"isPartOf\":{\"@id\":\"https:\\\/\\\/elithair.com\\\/tr\\\/#website\"},\"primaryImageOfPage\":{\"@id\":\"https:\\\/\\\/elithair.com\\\/tr\\\/oncesi-sonrasi\\\/stefan-d\\\/#primaryimage\"},\"image\":{\"@id\":\"https:\\\/\\\/elithair.com\\\/tr\\\/oncesi-sonrasi\\\/stefan-d\\\/#primaryimage\"},\"thumbnailUrl\":\"https:\\\/\\\/elithair.com\\\/tr\\\/wp-content\\\/uploads\\\/sites\\\/10\\\/2021\\\/08\\\/Bildschirmfoto-2021-08-26-um-16.48.24-2.jpg\",\"datePublished\":\"2021-08-18T08:41:32+00:00\",\"dateModified\":\"2026-08-07T10:05:02+00:00\",\"description\":\"Stefan D.\u2019ye ki\u015fiye \u00f6zel planlamayla sa\u00e7 ekimi uygulanarak daha do\u011fal ve yo\u011fun bir sa\u00e7 g\u00f6r\u00fcn\u00fcm\u00fc hedeflenmi\u015ftir. Sa\u00e7 analizi i\u00e7in uzman ekibimizle ileti\u015fime ge\u00e7in.\",\"breadcrumb\":{\"@id\":\"https:\\\/\\\/elithair.com\\\/tr\\\/oncesi-sonrasi\\\/stefan-d\\\/#breadcrumb\"},\"inLanguage\":\"tr\",\"potentialAction\":[{\"@type\":\"ReadAction\",\"target\":[\"https:\\\/\\\/elithair.com\\\/tr\\\/oncesi-sonrasi\\\/stefan-d\\\/\"]}]},{\"@type\":\"ImageObject\",\"inLanguage\":\"tr\",\"@id\":\"https:\\\/\\\/elithair.com\\\/tr\\\/oncesi-sonrasi\\\/stefan-d\\\/#primaryimage\",\"url\":\"https:\\\/\\\/elithair.com\\\/tr\\\/wp-content\\\/uploads\\\/sites\\\/10\\\/2021\\\/08\\\/Bildschirmfoto-2021-08-26-um-16.48.24-2.jpg\",\"contentUrl\":\"https:\\\/\\\/elithair.com\\\/tr\\\/wp-content\\\/uploads\\\/sites\\\/10\\\/2021\\\/08\\\/Bildschirmfoto-2021-08-26-um-16.48.24-2.jpg\",\"width\":600,\"height\":470},{\"@type\":\"BreadcrumbList\",\"@id\":\"https:\\\/\\\/elithair.com\\\/tr\\\/oncesi-sonrasi\\\/stefan-d\\\/#breadcrumb\",\"itemListElement\":[{\"@type\":\"ListItem\",\"position\":1,\"name\":\"Home\",\"item\":\"https:\\\/\\\/elithair.com\\\/tr\\\/\"},{\"@type\":\"ListItem\",\"position\":2,\"name\":\"Stefan D\"}]},{\"@type\":\"WebSite\",\"@id\":\"https:\\\/\\\/elithair.com\\\/tr\\\/#website\",\"url\":\"https:\\\/\\\/elithair.com\\\/tr\\\/\",\"name\":\"Elithair\",\"description\":\"Elithair: sa\u00e7\u0131n\u0131z i\u00e7in en iyi klini\u011fi ke\u015ffedin\",\"potentialAction\":[{\"@type\":\"SearchAction\",\"target\":{\"@type\":\"EntryPoint\",\"urlTemplate\":\"https:\\\/\\\/elithair.com\\\/tr\\\/?s={search_term_string}\"},\"query-input\":{\"@type\":\"PropertyValueSpecification\",\"valueRequired\":true,\"valueName\":\"search_term_string\"}}],\"inLanguage\":\"tr\"}]}<\/script>\n<!-- \/ Yoast SEO Premium plugin. -->","yoast_head_json":{"title":"Stefan D.: \u00d6ncesi Sonras\u0131 Foto\u011fraflar\u0131 - 3,150 Greft | Elithair","description":"Stefan D.\u2019ye ki\u015fiye \u00f6zel planlamayla sa\u00e7 ekimi uygulanarak daha do\u011fal ve yo\u011fun bir sa\u00e7 g\u00f6r\u00fcn\u00fcm\u00fc hedeflenmi\u015ftir. Sa\u00e7 analizi i\u00e7in uzman ekibimizle ileti\u015fime ge\u00e7in.","robots":{"index":"index","follow":"follow","max-snippet":"max-snippet:-1","max-image-preview":"max-image-preview:large","max-video-preview":"max-video-preview:-1"},"canonical":"https:\/\/elithair.com\/tr\/oncesi-sonrasi\/stefan-d\/","og_locale":"tr_TR","og_type":"article","og_title":"Stefan D","og_description":"Stefan D.\u2019ye ki\u015fiye \u00f6zel planlamayla sa\u00e7 ekimi uygulanarak daha do\u011fal ve yo\u011fun bir sa\u00e7 g\u00f6r\u00fcn\u00fcm\u00fc hedeflenmi\u015ftir. Sa\u00e7 analizi i\u00e7in uzman ekibimizle ileti\u015fime ge\u00e7in.","og_url":"https:\/\/elithair.com\/tr\/oncesi-sonrasi\/stefan-d\/","og_site_name":"Elithair","article_modified_time":"2026-08-07T10:05:02+00:00","og_image":[{"width":600,"height":470,"url":"https:\/\/elithair.com\/tr\/wp-content\/uploads\/sites\/10\/2021\/08\/Bildschirmfoto-2021-08-26-um-16.48.24-2.jpg","type":"image\/jpeg"}],"twitter_card":"summary_large_image","twitter_misc":{"Tahmini okuma s\u00fcresi":"1 dakika"},"schema":{"@context":"https:\/\/schema.org","@graph":[{"@type":"WebPage","@id":"https:\/\/elithair.com\/tr\/oncesi-sonrasi\/stefan-d\/","url":"https:\/\/elithair.com\/tr\/oncesi-sonrasi\/stefan-d\/","name":"Stefan D.: \u00d6ncesi Sonras\u0131 Foto\u011fraflar\u0131 - 3,150 Greft | Elithair","isPartOf":{"@id":"https:\/\/elithair.com\/tr\/#website"},"primaryImageOfPage":{"@id":"https:\/\/elithair.com\/tr\/oncesi-sonrasi\/stefan-d\/#primaryimage"},"image":{"@id":"https:\/\/elithair.com\/tr\/oncesi-sonrasi\/stefan-d\/#primaryimage"},"thumbnailUrl":"https:\/\/elithair.com\/tr\/wp-content\/uploads\/sites\/10\/2021\/08\/Bildschirmfoto-2021-08-26-um-16.48.24-2.jpg","datePublished":"2021-08-18T08:41:32+00:00","dateModified":"2026-08-07T10:05:02+00:00","description":"Stefan D.\u2019ye ki\u015fiye \u00f6zel planlamayla sa\u00e7 ekimi uygulanarak daha do\u011fal ve yo\u011fun bir sa\u00e7 g\u00f6r\u00fcn\u00fcm\u00fc hedeflenmi\u015ftir. Sa\u00e7 analizi i\u00e7in uzman ekibimizle ileti\u015fime ge\u00e7in.","breadcrumb":{"@id":"https:\/\/elithair.com\/tr\/oncesi-sonrasi\/stefan-d\/#breadcrumb"},"inLanguage":"tr","potentialAction":[{"@type":"ReadAction","target":["https:\/\/elithair.com\/tr\/oncesi-sonrasi\/stefan-d\/"]}]},{"@type":"ImageObject","inLanguage":"tr","@id":"https:\/\/elithair.com\/tr\/oncesi-sonrasi\/stefan-d\/#primaryimage","url":"https:\/\/elithair.com\/tr\/wp-content\/uploads\/sites\/10\/2021\/08\/Bildschirmfoto-2021-08-26-um-16.48.24-2.jpg","contentUrl":"https:\/\/elithair.com\/tr\/wp-content\/uploads\/sites\/10\/2021\/08\/Bildschirmfoto-2021-08-26-um-16.48.24-2.jpg","width":600,"height":470},{"@type":"BreadcrumbList","@id":"https:\/\/elithair.com\/tr\/oncesi-sonrasi\/stefan-d\/#breadcrumb","itemListElement":[{"@type":"ListItem","position":1,"name":"Home","item":"https:\/\/elithair.com\/tr\/"},{"@type":"ListItem","position":2,"name":"Stefan D"}]},{"@type":"WebSite","@id":"https:\/\/elithair.com\/tr\/#website","url":"https:\/\/elithair.com\/tr\/","name":"Elithair","description":"Elithair: sa\u00e7\u0131n\u0131z i\u00e7in en iyi klini\u011fi ke\u015ffedin","potentialAction":[{"@type":"SearchAction","target":{"@type":"EntryPoint","urlTemplate":"https:\/\/elithair.com\/tr\/?s={search_term_string}"},"query-input":{"@type":"PropertyValueSpecification","valueRequired":true,"valueName":"search_term_string"}}],"inLanguage":"tr"}]}},"_links":{"self":[{"href":"https:\/\/elithair.com\/tr\/wp-json\/wp\/v2\/patienten\/72737","targetHints":{"allow":["GET"]}}],"collection":[{"href":"https:\/\/elithair.com\/tr\/wp-json\/wp\/v2\/patienten"}],"about":[{"href":"https:\/\/elithair.com\/tr\/wp-json\/wp\/v2\/types\/patienten"}],"author":[{"embeddable":true,"href":"https:\/\/elithair.com\/tr\/wp-json\/wp\/v2\/users\/2"}],"replies":[{"embeddable":true,"href":"https:\/\/elithair.com\/tr\/wp-json\/wp\/v2\/comments?post=72737"}],"version-history":[{"count":1,"href":"https:\/\/elithair.com\/tr\/wp-json\/wp\/v2\/patienten\/72737\/revisions"}],"predecessor-version":[{"id":82956,"href":"https:\/\/elithair.com\/tr\/wp-json\/wp\/v2\/patienten\/72737\/revisions\/82956"}],"wp:featuredmedia":[{"embeddable":true,"href":"https:\/\/elithair.com\/tr\/wp-json\/wp\/v2\/media\/73272"}],"wp:attachment":[{"href":"https:\/\/elithair.com\/tr\/wp-json\/wp\/v2\/media?parent=72737"}],"wp:term":[{"taxonomy":"patient_category","embeddable":true,"href":"https:\/\/elithair.com\/tr\/wp-json\/wp\/v2\/patient_category?post=72737"}],"curies":[{"name":"wp","href":"https:\/\/api.w.org\/{rel}","templated":true}]}}

<!-- This site is optimized with the Yoast SEO Premium plugin v28.4 (Yoast SEO v28.4) - https://yoast.com/product/yoast-seo-premium-wordpress/ -->
<title>Stefan D.: Öncesi Sonrası Fotoğrafları - 3,150 Greft | Elithair</title>
<meta name="description" content="Stefan D.’ye kişiye özel planlamayla saç ekimi uygulanarak daha doğal ve yoğun bir saç görünümü hedeflenmiştir. Saç analizi için uzman ekibimizle iletişime geçin." />
<meta name="robots" content="index, follow, max-snippet:-1, max-image-preview:large, max-video-preview:-1" />
<link rel="canonical" href="https://elithair.com/tr/oncesi-sonrasi/stefan-d/" />
<meta property="og:locale" content="tr_TR" />
<meta property="og:type" content="article" />
<meta property="og:title" content="Stefan D" />
<meta property="og:description" content="Stefan D.’ye kişiye özel planlamayla saç ekimi uygulanarak daha doğal ve yoğun bir saç görünümü hedeflenmiştir. Saç analizi için uzman ekibimizle iletişime geçin." />
<meta property="og:url" content="https://elithair.com/tr/oncesi-sonrasi/stefan-d/" />
<meta property="og:site_name" content="Elithair" />
<meta property="article:modified_time" content="2026-08-07T10:05:02+00:00" />
<meta property="og:image" content="https://elithair.com/tr/wp-content/uploads/sites/10/2021/08/Bildschirmfoto-2021-08-26-um-16.48.24-2.jpg" />
	<meta property="og:image:width" content="600" />
	<meta property="og:image:height" content="470" />
	<meta property="og:image:type" content="image/jpeg" />
<meta name="twitter:card" content="summary_large_image" />
<meta name="twitter:label1" content="Tahmini okuma süresi" />
	<meta name="twitter:data1" content="1 dakika" />
<script type="application/ld+json" class="yoast-schema-graph">{"@context":"https:\/\/schema.org","@graph":[{"@type":"WebPage","@id":"https:\/\/elithair.com\/tr\/oncesi-sonrasi\/stefan-d\/","url":"https:\/\/elithair.com\/tr\/oncesi-sonrasi\/stefan-d\/","name":"Stefan D.: Öncesi Sonrası Fotoğrafları - 3,150 Greft | Elithair","isPartOf":{"@id":"https:\/\/elithair.com\/tr\/#website"},"primaryImageOfPage":{"@id":"https:\/\/elithair.com\/tr\/oncesi-sonrasi\/stefan-d\/#primaryimage"},"image":{"@id":"https:\/\/elithair.com\/tr\/oncesi-sonrasi\/stefan-d\/#primaryimage"},"thumbnailUrl":"https:\/\/elithair.com\/tr\/wp-content\/uploads\/sites\/10\/2021\/08\/Bildschirmfoto-2021-08-26-um-16.48.24-2.jpg","datePublished":"2021-08-18T08:41:32+00:00","dateModified":"2026-08-07T10:05:02+00:00","description":"Stefan D.’ye kişiye özel planlamayla saç ekimi uygulanarak daha doğal ve yoğun bir saç görünümü hedeflenmiştir. Saç analizi için uzman ekibimizle iletişime geçin.","breadcrumb":{"@id":"https:\/\/elithair.com\/tr\/oncesi-sonrasi\/stefan-d\/#breadcrumb"},"inLanguage":"tr","potentialAction":[{"@type":"ReadAction","target":["https:\/\/elithair.com\/tr\/oncesi-sonrasi\/stefan-d\/"]}]},{"@type":"ImageObject","inLanguage":"tr","@id":"https:\/\/elithair.com\/tr\/oncesi-sonrasi\/stefan-d\/#primaryimage","url":"https:\/\/elithair.com\/tr\/wp-content\/uploads\/sites\/10\/2021\/08\/Bildschirmfoto-2021-08-26-um-16.48.24-2.jpg","contentUrl":"https:\/\/elithair.com\/tr\/wp-content\/uploads\/sites\/10\/2021\/08\/Bildschirmfoto-2021-08-26-um-16.48.24-2.jpg","width":600,"height":470},{"@type":"BreadcrumbList","@id":"https:\/\/elithair.com\/tr\/oncesi-sonrasi\/stefan-d\/#breadcrumb","itemListElement":[{"@type":"ListItem","position":1,"name":"Home","item":"https:\/\/elithair.com\/tr\/"},{"@type":"ListItem","position":2,"name":"Stefan D"}]},{"@type":"WebSite","@id":"https:\/\/elithair.com\/tr\/#website","url":"https:\/\/elithair.com\/tr\/","name":"Elithair","description":"Elithair: saçınız için en iyi kliniği keşfedin","potentialAction":[{"@type":"SearchAction","target":{"@type":"EntryPoint","urlTemplate":"https:\/\/elithair.com\/tr\/?s={search_term_string}"},"query-input":{"@type":"PropertyValueSpecification","valueRequired":true,"valueName":"search_term_string"}}],"inLanguage":"tr"}]}</script>
<!-- / Yoast SEO Premium plugin. -->

Stefan D.: Öncesi Sonrası Fotoğrafları - 3,150 Greft | Elithair

Stefan D.’ye kişiye özel planlamayla saç ekimi uygulanarak daha doğal ve yoğun bir saç görünümü hedeflenmiştir. Saç analizi için uzman ekibimizle iletişime geçin.

Elithair: saçınız için en iyi kliniği keşfedin
